 27932834?
7
What is the hundreds digit of 2313605746?
7
What is the millions digit of 95911821?
5
What is the millions digit of 158743169?
8
What is the ten millions digit of 156921626?
5
What is the tens digit of 506657495?
9
What is the ten thousands digit of 519107344?
0
What is the millions digit of 51542034?
1
What is the hundreds digit of 824458724?
7
What is the hundreds digit of 50499791?
7
What is the ten millions digit of 714582150?
1
What is the units digit of 2015142044?
4
What is the ten millions digit of 186231463?
8
What is the hundreds digit of 103365330?
3
What is the hundred thousands digit of 235435454?
4
What is the hundred thousands digit of 1609829991?
8
What is the ten millions digit of 211435801?
1
What is the tens digit of 2104252611?
1
What is the hundred thousands digit of 1594866210?
8
What is the units digit of 881834018?
8
What is the ten thousands digit of 210700570?
0
What is the tens digit of 73899205?
0
What is the hundreds digit of 6577473900?
9
What is the hundreds digit of 6561345036?
0
What is the thousands digit of 256170829?
0
What is the millions digit of 503743387?
3
What is the hundred thousands digit of 239409825?
4
What is the millions digit of 1303715936?
3
What is the ten millions digit of 115767243?
1
What is the thousands digit of 1114035109?
5
What is the thousands digit of 320484215?
4
What is the ten millions digit of 80882924?
8
What is the ten millions digit of 1046336232?
4
What is the billions digit of 5521479660?
5
What is the tens digit of 1275304625?
2
What is the millions digit of 126653016?
6
What is the ten thousands digit of 574163008?
6
What is the ten thousands digit of 478644524?
4
What is the ten thousands digit of 2242438505?
3
What is the millions digit of 386306430?
6
What is the ten thousands digit of 1236424550?
2
What is the ten thousands digit of 618730268?
3
What is the ten millions digit of 49677380?
4
What is the ten thousands digit of 21802494?
0
What is the billions digit of 1405140653?
1
What is the hundred thousands digit of 2798236131?
2
What is the units digit of 415103795?
5
What is the hundred thousands digit of 51934400?
9
What is the ten millions digit of 2462951883?
6
What is the billions digit of 1133919001?
1
What is the units digit of 308997?
7
What is the hundreds digit of 228797811?
8
What is the ten millions digit of 200371606?
0
What is the units digit of 33374200?
0
What is the tens digit of 47352455?
5
What is the hundred thousands digit of 133268112?
2
What is the tens digit of 243276770?
7
What is the hundreds digit of 1539626472?
4
What is the units digit of 46916821?
1
What is the hundreds digit of 538790027?
0
What is the thousands digit of 236041712?
1
What is the thousands digit of 54645822?
5
What is the millions digit of 1337005700?
7
What is the tens digit of 77594049?
4
What is the ten thousands digit of 891489053?
8
What is the hundreds digit of 165867225?
2
What is the thousands digit of 303863857?
3
What is the hundreds digit of 127346728?
7
What is the thousands digit of 40520490?
0
What is the ten thousands digit of 45139713?
3
What is the hundred thousands digit of 680849658?
8
What is the thousands digit of 1950977723?
7
What is the billions digit of 2861212018?
2
What is the ten thousands digit of 1021427203?
2
What is the thousands digit of 404459024?
9
What is the ten millions digit of 20042984?
2
What is the tens digit of 81495046?
4
What is the hundreds digit of 16634764?
7
What is the units digit of 37693803?
3
What is the tens digit of 4314830405?
0
What is the tens digit of 272560935?
3
What is the tens digit of 2167323593?
9
What is the ten thousands digit of 364677964?
7
What is the hundred millions digit of 581865419?
5
What is the thousands digit of 4180683425?
3
What is the hundred millions digit of 1368742395?
3
What is the millions digit of 49352687?
9
What is the thousands digit of 363307744?
7
What is the thousands digit of 12483285?
3
What is the ten thousands digit of 49622140?
2
What is the tens digit of 66249030?
3
What is the millions digit of 560740132?
0
What is the units digit of 918804283?
3
What is the hundred thousands digit of 1013588515?
5
What is the hundred millions digit of 3900211916?
9
What is the tens digit of 327560483?
8
What is the millions digit of 44552336?
4
What is the hundreds digit of 303439427?
4
What is the ten millions digit of 1191755875?
9
What is the millions digit of 1147712687?
7
What is the tens digit of 58476137?
3
What is the hundred millions digit of 226910047?
2
What is the thousands digit of 486163278?
3
What is the tens digit of 3978837?
3
What is the hundred thousands digit of 358890554?
8
What is the hundred thousands digit of 294534412?
5
What is the hundreds digit of 41612807?
8
What is the hundreds digit of 3323519864?
8
What is the hundred thousands digit of 99587014?
5
What is the thousands digit of 47281943?
1
What is the hundred thousands digit of 6027297?
0
What is the ten millions digit of 4708514872?
0
What is the hundred thousands digit of 5476006152?
0
What is the hundred millions digit of 722453287?
7
What is the ten thousands digit of 45201074?
0
What is the hundred millions digit of 123582435?
1
What is the hundred thousands digit of 58064765?
0
What is the thousands digit of 78753621?
3
What is the millions digit of 86676689?
6
What is the tens digit of 153555235?
3
What is the hundred thousands digit of 358544349?
5
What is the ten millions digit of 180998843?
8
What is the tens digit of 104399983?
8
What is the ten millions digit of 843027964?
4
What is the units digit of 37639680?
0
What is the tens digit of 943640114?
1
What is the thousands digit of 848851470?
1
What is the ten thousands digit of 369616001?
1
What is the hundreds digit of 266359517?
5
What is the thousands digit of 452900178?
0
What is the hundreds digit of 4490537?
5
What is the ten millions digit of 104441663?
0
What is the billions digit of 2641188262?
2
What is the thousands digit of 796824669?
4
What is the ten millions digit of 2494269692?
9
What is the tens digit of 692687958?
5
What is the hundred millions digit of 1789520232?
7
What is the ten millions digit of 29508318?
2
What is the ten millions digit of 199277008?
9
What is the ten thousands digit of 3550819026?
1
What is the billions digit of 1720242789?
1
What is the hundred thousands digit of 2070044754?
0
What is the thousands digit of 1980078577?
8
What is the thousands digit of 785901499?
1
What is the thousands digit of 95407287?
7
What is the hundreds digit of 197919144?
1
What is the tens digit of 221950109?
0
What is the units digit of 174511465?
5
What is the thousands digit of 137694868?
4
What is the ten thousands digit of 515873656?
7
What is the hundreds digit of 842617432?
4
What is the millions digit of 23861258?
3
What is the units digit of 243614806?
6
What is the units digit of 314511097?
7
What is the thousands digit of 2688822048?
2
What is the ten millions digit of 4908236735?
0
What is the millions digit of 47432650?
7
What is the tens digit of 317622010?
1
What is the millions digit of 170244048?
0
What is the ten thousands digit of 102620451?
2
What is the thousands digit of 788094106?
4
What is the thousands digit of 34560080?
0
What is the hundred millions digit of 321102794?
3
What is the ten millions digit of 77654329?
7
What is the tens digit of 19667022?
2
What is the hundred millions digit of 419952857?
4
What is the ten thousands digit of 141424210?
2
What is the ten thousands digit of 633584457?
8
What is the ten millions digit of 2444283461?
4
What is the millions digit of 508189600?
8
What is the hundred thousands digit of 32692824?
6
What is the thousands digit of 2160430716?
0
What is the ten millions digit of 306375580?
0
What is the hundred thousands digit of 122177640?
1
What is the ten thousands digit of 495799460?
9
What is the ten millions digit of 132200029?
3
What is the millions digit of 46991888?
6
What is the hundred thousands digit of 2043031?
0
What is the thousands digit of 8841218?
1
What is the hundred thousands digit of 16351643?
3
What is the hundreds digit of 726278082?
0
What is the hundred millions digit of 1512104497?
5
What is the hundreds digit of 61449